What is the units digit of 1856?
6
What is the tens digit of 1133?
3
What is the hundreds digit of 20817?
8
What is the hundreds digit of 549?
5
What is the units digit of 154314?
4
What is the tens digit of 3268?
6
What is the hundreds digit of 14210?
2
What is the thousands digit of 2485?
2
What is the tens digit of 24473?
7
What is the ten thousands digit of 21122?
2
What is the units digit of 6804?
4
What is the hundreds digit of 36221?
2
What is the tens digit of 6935?
3
What is the hundreds digit of 360?
3
What is the hundreds digit of 143?
1
What is the thousands digit of 28491?
8
What is the thousands digit of 9933?
9
What is the thousands digit of 16248?
6
What is the units digit of 28372?
2
What is the units digit of 4596?
6
What is the units digit of 27574?
4
What is the units digit of 528?
8
What is the units digit of 43489?
9
What is the hundreds digit of 18677?
6
What is the thousands digit of 4610?
4
What is the hundreds digit of 245?
2
What is the units digit of 3295?
5
What is the hundreds digit of 5001?
0
What is the thousands digit of 11410?
1
What is the units digit of 3126?
6
What is the tens digit of 3062?
6
What is the units digit of 1939?
9
What is the hundreds digit of 1989?
9
What is the tens digit of 2547?
4
What is the hundreds digit of 350?
3
What is the units digit of 13214?
4
What is the units digit of 4737?
7
What is the ten thousands digit of 21130?
2
What is the hundreds digit of 675?
6
What is the ten thousands digit of 150366?
5
What is the hundreds digit of 9744?
7
What is the tens digit of 61691?
9
What is the tens digit of 79023?
2
What is the thousands digit of 28421?
8
What is the thousands digit of 8438?
8
What is the tens digit of 556?
5
What is the tens digit of 123817?
1
What is the ten thousands digit of 35182?
3
What is the units digit of 4691?
1
What is the hundreds digit of 7201?
2
What is the ten thousands digit of 156673?
5
What is the hundreds digit of 2672?
6
What is the thousands digit of 4977?
4
What is the hundreds digit of 951?
9
What is the thousands digit of 3572?
3
What is the hundreds digit of 4208?
2
What is the hundreds digit of 41222?
2
What is the thousands digit of 14536?
4
What is the units digit of 72918?
8
What is the tens digit of 1580?
8
What is the thousands digit of 3270?
3
What is the units digit of 2175?
5
What is the tens digit of 16512?
1
What is the thousands digit of 1121?
1
What is the hundreds digit of 727?
7
What is the hundreds digit of 4530?
5
What is the hundreds digit of 6737?
7
What is the hundreds digit of 47454?
4
What is the units digit of 22472?
2
What is the tens digit of 12930?
3
What is the ten thousands digit of 122964?
2
What is the hundreds digit of 170557?
5
What is the units digit of 4941?
1
What is the thousands digit of 14801?
4
What is the units digit of 10051?
1
What is the hundreds digit of 9037?
0
What is the hundreds digit of 6058?
0
What is the thousands digit of 9044?
9
What is the hundreds digit of 1140?
1
What is the hundreds digit of 13735?
7
What is the units digit of 448?
8
What is the hundreds digit of 965?
9
What is the hundreds digit of 8745?
7
What is the units digit of 5357?
7
What is the thousands digit of 107856?
7
What is the ten thousands digit of 22444?
2
What is the hundreds digit of 55183?
1
What is the tens digit of 300?
0
What is the units digit of 12814?
4
What is the thousands digit of 1191?
1
What is the thousands digit of 4679?
4
What is the tens digit of 6847?
4
What is the ten thousands digit of 15334?
1
What is the tens digit of 102?
0
What is the tens digit of 5943?
4
What is the units digit of 1790?
0
What is the units digit of 1122?
2
What is the thousands digit of 14406?
4
What is the tens digit of 30573?
7
What is the thousands digit of 115282?
5
What is the units digit of 1249?
9
What is the hundreds digit of 1816?
8
What is the thousands digit of 93323?
3
What is the ten thousands digit of 41929?
4
What is the ten thousands digit of 69941?
6
What is the thousands digit of 1066?
1
What is the hundreds digit of 6011?
0
What is the tens digit of 2161?
6
What is the ten thousands digit of 11823?
1
What is the ten thousands digit of 79311?
7
What is the units digit of 3050?
0
What is the tens digit of 1676?
7
What is the thousands digit of 60079?
0
What is the units digit of 41928?
8
What is the hundreds digit of 1873?
8
What is the tens digit of 913?
1
What is the hundreds digit of 3093?
0
What is the hundreds digit of 5924?
9
What is the hundreds digit of 1153?
1
What is the tens digit of 3718?
1
What is the tens digit of 3492?
9
What is the units digit of 88809?
9
What is the tens digit of 2790?
9
What is the thousands digit of 4700?
4
What is the thousands digit of 7840?
7
What is the units digit of 80623?
3
What is the tens digit of 3529?
2
What is the units digit of 9950?
0
What is the units digit of 4422?
2
What is the tens digit of 12346?
4
What is the thousands digit of 3750?
3
What is the hundreds digit of 1838?
8
What is the tens digit of 845?
4
What is the ten thousands digit of 16785?
1
What is the tens digit of 12305?
0
What is the ten thousands digit of 24269?
2
What is the units digit of 2790?
0
What is the tens digit of 30672?
7
What is the tens digit of 54129?
2
What is the tens digit of 13885?
8
What is the thousands digit of 1144?
1
What is the units digit of 16179?
9
What is the units digit of 3164?
4
What is the hundreds digit of 99275?
2
What is the tens digit of 275?
7
What is the hundreds digit of 98578?
5
What is the tens digit of 133?
3
What is the units digit of 647?
7
What is the hundreds digit of 1850?
8
What is the tens digit of 11781?
8
What is the ten thousands digit of 18389?
1
What is the ten thousands digit of 113304?
1
What is the hundreds digit of 3994?
9
What is the units digit of 27461?
1
What is the tens digit of 7335?
3
What is the ten thousands digit of 24022?
2
What is the units digit of 4574?
4
What is the ten thousands digit of 24250?
2
What is the tens digit of 1157?
5
What is the hundreds digit of 973?
9
What is the tens digit of 108?
0
What is the units digit of 2713?
3
What is the units digit of 719?
9
What is the units digit of 3684?
4
What is the hundreds digit of 29035?
0
What is the thousands digit of 4850?
4
What is the tens digit of 2701?
0
What is the hundreds digit of 9329?
3
What is the ten thousands digit of 35521?
3
What is the thousands digit of 1020?
1
What is the units digit of 9831?
1
What is the hundreds digit of 13938?
9
What is the hundreds digit of 13732?
7
What is the ten thousands digit of 10839?
1
What is the units digit of 1142?
2
What is the tens digit of 299?
9
What is the thousands digit of 4638?
4
What is the units digit of 33929?
9
What is the hundreds digit of 515?
5
What is the tens digit of 13304?
0
What is the units digit of 71393?
3
What is the units digit of 832?
2
What is the units digit of 1957?
7
What is the ten thousands digit of 26738?
2
What is the thousands digit of 3982?
3
What is the ten thousands digit of 70510?
7
What is the ten thousands digit of 12357?
1
What is the units digit of 169?
9
What is the tens digit of 2663?
6
What is the tens digit of 1241?
4
What is the tens digit of 2902?
0
What is the units digit of 4746?
6
What is the tens digit of 406?
0
What is the hundred thousands digit of 140284?
1
What is the units digit of 733?
3
What is the ten thousands digit of 168743?
6
What is the thousands digit of 58605?
8
What is the hundreds digit of 167?
1
What is the ten thousands digit of 54156?
5
What is the hundreds digit of 742?
7
What is the thousands digit of 10018?
0
What is the hundreds digit of 2111?
1
What is the thousands digit of 30242?
0
What is the hundreds digit of 46608?
6
What is the tens digit of 144?
4
What is the hundreds digit of 4615?
6
What is the tens digit of 77009?
0
What is the thousands digit of 18940?
8
What is the tens digit of 28822?
2
What is the units digit of 953?
3
What is the hundreds digit of 975?
9
What is the units digit of 26490?
0
What is the hundreds digit of 7288?
2
What is the thousands digit of 21994?
1
What is the hundreds digit of 340?
3
What is the hundreds digit of 797?
7
What is the hundreds digit of 12610?
6
What is the hundreds digit of 852?
8
What is the hun